{"id":156,"date":"2020-10-28T13:47:31","date_gmt":"2020-10-28T12:47:31","guid":{"rendered":"http:\/\/laara.info\/?page_id=156"},"modified":"2021-01-11T14:28:07","modified_gmt":"2021-01-11T13:28:07","slug":"das-projekt","status":"publish","type":"page","link":"https:\/\/laara.info\/","title":{"rendered":""},"content":{"rendered":"\t\t<div data-elementor-type=\"wp-page\" data-elementor-id=\"156\" class=\"elementor elementor-156\" data-elementor-settings=\"[]\">\n\t\t\t\t\t\t<div class=\"elementor-inner\">\n\t\t\t\t\t\t\t<div class=\"elementor-section-wrap\">\n\t\t\t\t\t\t\t<section class=\"elementor-section elementor-top-section elementor-element elementor-element-75455f57 elementor-section-boxed elementor-section-height-default elementor-section-height-default\" data-id=\"75455f57\" data-element_type=\"section\">\n\t\t\t\t\t\t<div class=\"elementor-container elementor-column-gap-default\">\n\t\t\t\t\t\t\t<div class=\"elementor-row\">\n\t\t\t\t\t<div class=\"elementor-column elementor-col-100 elementor-top-column elementor-element elementor-element-36cabdb6\" data-id=\"36cabdb6\" data-element_type=\"column\">\n\t\t\t<div class=\"elementor-column-wrap elementor-element-populated\">\n\t\t\t\t\t\t\t<div class=\"elementor-widget-wrap\">\n\t\t\t\t\t\t<div class=\"elementor-element elementor-element-70cdfbfd elementor-widget elementor-widget-text-editor\" data-id=\"70cdfbfd\" data-element_type=\"widget\" data-widget_type=\"text-editor.default\">\n\t\t\t\t<div class=\"elementor-widget-container\">\n\t\t\t\t\t<div class=\"elementor-text-editor elementor-clearfix\"><p><!-- wp:paragraph {\"align\":\"center\"} --><\/p>\n<h6><strong>\u201eLernen, Informieren und kompetent Agieren mit Augmented Reality im Arbeitsprozess\u201c (LAARA)<\/strong><\/h6>\n<p><\/p>\n<p><!-- \/wp:paragraph --><\/p>\n<p><!-- wp:paragraph {\"align\":\"left\"} --><\/p>\n<p>Laufzeit: 01.10.2020 &#8211; 30.09.2023<\/p>\n<p><!-- \/wp:paragraph --><\/p>\n<p><!-- wp:paragraph {\"align\":\"left\"} --><\/p>\n<p>F\u00f6rderkennzeichen: 01JD2003B (gef\u00f6rdert durch das Bildungsministerium f\u00fcr Bildung und Forschung)<br><\/p>\n<p><\/p>\n<p><!-- \/wp:paragraph --><\/p>\n<p><!-- wp:paragraph --><\/p>\n<p>Im Projekt \u201eLernen, Informieren und kompetent Agieren mit Augmented Reality im Arbeitsprozess\u201c (LAARA) wird Augmented Reality (AR) als Lernmedium in der metallverarbeitenden Industrie eingesetzt. Diese Technologie wird in verschiedenen Formen und Einsatzm\u00f6glichkeiten in Betrieben ein zunehmend integraler Bestandteil der Arbeitsprozesse werden. Mit dem Fortschreiten der Digitalisierung (es wird auch von einer \u201edigitalen Transformation\u201c gesprochen) ver\u00e4ndern sich Arbeitsprozesse und die Anforderungsprofile der Fachkr\u00e4fte.<\/p>\n<p><!-- \/wp:paragraph --><\/p>\n<p><!-- wp:paragraph --><\/p>\n<p>Im Verbundprojekt LAARA wird im Fertigungslabor mit den Partnern der Universit\u00e4t Siegen beispielhaft ein realer Arbeitsprozess aus der Metallindustrie (\u201eR\u00fcsten einer Maschine zur Initialisierung eines Biege-Produktionsprozesses\u201c) mit digitaler Technologie in einer AR-Umgebung dargestellt, um verschiedene Aspekte des (neuen) Lernens, zu untersuchen. <br><\/p>\n<p><!-- \/wp:paragraph --><\/p>\n<p><!-- wp:paragraph --><\/p>\n<p><strong>Ziel des Forschungsprojektes<\/strong> ist es, zentrale Parameter (und ihre Gestaltungsspielr\u00e4ume) zu identifizieren, die einen Einfluss auf das Lernen, Informieren und Agieren am Arbeitsplatz im Kontext von AR haben und hieraus mediendidaktische Gestaltungshinweise zu entwickeln. <br>Folgende Fragen sind forschungsleitend:<\/p>\n<p><!-- \/wp:paragraph --><\/p>\n<p><!-- wp:list --><\/p>\n<ul>\n<li>Welche Kriterien und Parameter sind f\u00f6rderlich bzw. hemmend f\u00fcr das Agieren, Informieren und Lernen in semi-virtuellen Arbeitsr\u00e4umen?<\/li>\n<li>Wie beeinflussen die Parameter das Nutzungsverhalten der Fachkr\u00e4fte? Welche unterschiedlichen Auspr\u00e4gungen gibt es hinsichtlich des Nutzungsverhaltens?<\/li>\n<li>Welche Applikationen und digital devices sind f\u00fcr einen effizienten Einsatz f\u00f6rderlich?<\/li>\n<li>Welche Gestaltungskriterien sind bei einem lern- und arbeitsf\u00f6rderlichen semi-virtuellen Lernraum im Arbeitsprozess zu ber\u00fccksichtigen?<\/li>\n<li>Wie m\u00fcssen die Mensch-Maschine-Schnittstellen gestaltet sein, dass die Applikationen und digital devices von den Fachkr\u00e4ften akzeptiert werden?<\/li>\n<\/ul>\n<p><!-- \/wp:list --><\/p>\n<p><!-- wp:paragraph --><\/p>\n<p>Ber\u00fccksichtigt werden dabei u.a. die Erkenntnisse zum informellen Lernen am Arbeitsplatz; es bleibt jedoch zu untersuchen, inwieweit diese Erkenntnisse, Theorien und Forschungsmethoden in Bezug auf semi-virtuelle Arbeitsr\u00e4ume \u00fcbertragbar sind und welche Konsequenzen sich f\u00fcr die organisatorische Gestaltung von Arbeitspl\u00e4tzen und die didaktische Gestaltung des Lernens im Arbeitsprozess ergeben.<\/p>\n<p><!-- \/wp:paragraph --><\/p><\/div>\n\t\t\t\t<\/div>\n\t\t\t\t<\/div>\n\t\t\t\t\t\t<\/div>\n\t\t\t\t\t<\/div>\n\t\t<\/div>\n\t\t\t\t\t\t\t\t<\/div>\n\t\t\t\t\t<\/div>\n\t\t<\/section>\n\t\t\t\t\t\t<\/div>\n\t\t\t\t\t\t<\/div>\n\t\t\t\t\t<\/div>\n\t\t","protected":false},"excerpt":{"rendered":"<p>\u201eLernen, Informieren und kompetent Agieren mit Augmented Reality im Arbeitsprozess\u201c (LAARA) Laufzeit: 01.10.2020 &#8211; 30.09.2023 F\u00f6rderkennzeichen: 01JD2003B (gef\u00f6rdert durch das Bildungsministerium f\u00fcr Bildung und Forschung) Im Projekt \u201eLernen, Informieren und kompetent Agieren mit Augmented Reality im Arbeitsprozess\u201c (LAARA) wird Augmented Reality (AR) als Lernmedium in der metallverarbeitenden Industrie eingesetzt. Diese Technologie wird in verschiedenen Formen [&hellip;]<\/p>\n","protected":false},"author":3,"featured_media":0,"parent":0,"menu_order":0,"comment_status":"closed","ping_status":"closed","template":"elementor_header_footer","meta":[],"_links":{"self":[{"href":"https:\/\/laara.info\/index.php?rest_route=\/wp\/v2\/pages\/156"}],"collection":[{"href":"https:\/\/laara.info\/index.php?rest_route=\/wp\/v2\/pages"}],"about":[{"href":"https:\/\/laara.info\/index.php?rest_route=\/wp\/v2\/types\/page"}],"author":[{"embeddable":true,"href":"https:\/\/laara.info\/index.php?rest_route=\/wp\/v2\/users\/3"}],"replies":[{"embeddable":true,"href":"https:\/\/laara.info\/index.php?rest_route=%2Fwp%2Fv2%2Fcomments&post=156"}],"version-history":[{"count":0,"href":"https:\/\/laara.info\/index.php?rest_route=\/wp\/v2\/pages\/156\/revisions"}],"wp:attachment":[{"href":"https:\/\/laara.info\/index.php?rest_route=%2Fwp%2Fv2%2Fmedia&parent=156"}],"curies":[{"name":"wp","href":"https:\/\/api.w.org\/{rel}","templated":true}]}}

<div data-elementor-type="wp-page" data-elementor-id="156" class="elementor elementor-156" data-elementor-settings="[]">
						<div class="elementor-inner">
							<div class="elementor-section-wrap">
							<section class="elementor-section elementor-top-section elementor-element elementor-element-75455f57 elementor-section-boxed elementor-section-height-default elementor-section-height-default" data-id="75455f57" data-element_type="section">
						<div class="elementor-container elementor-column-gap-default">
							<div class="elementor-row">
					<div class="elementor-column elementor-col-100 elementor-top-column elementor-element elementor-element-36cabdb6" data-id="36cabdb6" data-element_type="column">
			<div class="elementor-column-wrap elementor-element-populated">
							<div class="elementor-widget-wrap">
						<div class="elementor-element elementor-element-70cdfbfd elementor-widget elementor-widget-text-editor" data-id="70cdfbfd" data-element_type="widget" data-widget_type="text-editor.default">
				<div class="elementor-widget-container">
					<div class="elementor-text-editor elementor-clearfix"><p><!-- wp:paragraph {"align":"center"} --></p>
<h6><strong>„Lernen, Informieren und kompetent Agieren mit Augmented Reality im Arbeitsprozess“ (LAARA)</strong></h6>
<p></p>
<p><!-- /wp:paragraph --></p>
<p><!-- wp:paragraph {"align":"left"} --></p>
<p>Laufzeit: 01.10.2020 &#8211; 30.09.2023</p>
<p><!-- /wp:paragraph --></p>
<p><!-- wp:paragraph {"align":"left"} --></p>
<p>Förderkennzeichen: 01JD2003B (gefördert durch das Bildungsministerium für Bildung und Forschung)<br></p>
<p></p>
<p><!-- /wp:paragraph --></p>
<p><!-- wp:paragraph --></p>
<p>Im Projekt „Lernen, Informieren und kompetent Agieren mit Augmented Reality im Arbeitsprozess“ (LAARA) wird Augmented Reality (AR) als Lernmedium in der metallverarbeitenden Industrie eingesetzt. Diese Technologie wird in verschiedenen Formen und Einsatzmöglichkeiten in Betrieben ein zunehmend integraler Bestandteil der Arbeitsprozesse werden. Mit dem Fortschreiten der Digitalisierung (es wird auch von einer „digitalen Transformation“ gesprochen) verändern sich Arbeitsprozesse und die Anforderungsprofile der Fachkräfte.</p>
<p><!-- /wp:paragraph --></p>
<p><!-- wp:paragraph --></p>
<p>Im Verbundprojekt LAARA wird im Fertigungslabor mit den Partnern der Universität Siegen beispielhaft ein realer Arbeitsprozess aus der Metallindustrie („Rüsten einer Maschine zur Initialisierung eines Biege-Produktionsprozesses“) mit digitaler Technologie in einer AR-Umgebung dargestellt, um verschiedene Aspekte des (neuen) Lernens, zu untersuchen. <br></p>
<p><!-- /wp:paragraph --></p>
<p><!-- wp:paragraph --></p>
<p><strong>Ziel des Forschungsprojektes</strong> ist es, zentrale Parameter (und ihre Gestaltungsspielräume) zu identifizieren, die einen Einfluss auf das Lernen, Informieren und Agieren am Arbeitsplatz im Kontext von AR haben und hieraus mediendidaktische Gestaltungshinweise zu entwickeln. <br>Folgende Fragen sind forschungsleitend:</p>
<p><!-- /wp:paragraph --></p>
<p><!-- wp:list --></p>
<ul>
<li>Welche Kriterien und Parameter sind förderlich bzw. hemmend für das Agieren, Informieren und Lernen in semi-virtuellen Arbeitsräumen?</li>
<li>Wie beeinflussen die Parameter das Nutzungsverhalten der Fachkräfte? Welche unterschiedlichen Ausprägungen gibt es hinsichtlich des Nutzungsverhaltens?</li>
<li>Welche Applikationen und digital devices sind für einen effizienten Einsatz förderlich?</li>
<li>Welche Gestaltungskriterien sind bei einem lern- und arbeitsförderlichen semi-virtuellen Lernraum im Arbeitsprozess zu berücksichtigen?</li>
<li>Wie müssen die Mensch-Maschine-Schnittstellen gestaltet sein, dass die Applikationen und digital devices von den Fachkräften akzeptiert werden?</li>
</ul>
<p><!-- /wp:list --></p>
<p><!-- wp:paragraph --></p>
<p>Berücksichtigt werden dabei u.a. die Erkenntnisse zum informellen Lernen am Arbeitsplatz; es bleibt jedoch zu untersuchen, inwieweit diese Erkenntnisse, Theorien und Forschungsmethoden in Bezug auf semi-virtuelle Arbeitsräume übertragbar sind und welche Konsequenzen sich für die organisatorische Gestaltung von Arbeitsplätzen und die didaktische Gestaltung des Lernens im Arbeitsprozess ergeben.</p>
<p><!-- /wp:paragraph --></p></div>
				</div>
				</div>
						</div>
					</div>
		</div>
								</div>
					</div>
		</section>
						</div>
						</div>
					</div>

<p>„Lernen, Informieren und kompetent Agieren mit Augmented Reality im Arbeitsprozess“ (LAARA) Laufzeit: 01.10.2020 &#8211; 30.09.2023 Förderkennzeichen: 01JD2003B (gefördert durch das Bildungsministerium für Bildung und Forschung) Im Projekt „Lernen, Informieren und kompetent Agieren mit Augmented Reality im Arbeitsprozess“ (LAARA) wird Augmented Reality (AR) als Lernmedium in der metallverarbeitenden Industrie eingesetzt. Diese Technologie wird in verschiedenen Formen [&hellip;]</p>
